b) be the first derivative of 2*b**3/3 + 3*b**2/2 - 7*b - 42. Let x(k) = -g(k) + 4*s(k). Calculate x(5).
-22
Let t(z) = 2*z**2 + 3*z - 5. Let h(q) = q**2 + q - 1. Let l(j) = h(j) - t(j). Let w(f) = -2*f**3 + 39*f**2 + 19*f + 17. Let d be w(20). What is l(d)?
1
Suppose r + 2*r - 3 = 0. Let o(d) = -16*d + 6. Let w(x) = -x + 1. Let y(s) = -s - 5. Let l be y(-6). Let k(j) = l*o(j) - 5*w(j). Determine k(r).
-10
Suppose 0 = -5110*s + 5107*s + 30. Let t(b) = -b**2 + b + 95. Determine t(s).
5
Suppose t + 5*p = -23, -t - 3*p = -0*t + 13. Let c(y) = 1 - 2*y - t*y + 3*y. Let a be (-3)/(9/24) - 762/(-254). Determine c(a).
6
Suppose c - 2 = 0, -2*x + 3*c + 68 = 5*c. Let i = x - 38. Let g be (-8)/6 - (-9)/(81/i). Let m(w) = -9*w - 2. Determine m(g).
16
Let h(m) be the second derivative of -3*m**3 - 129*m**2/2 + 1202*m. Give h(-6).
-21
Let d(u) = u**2 - 45 + 19*u + 107 - 43 - 5*u. Let z be -4*((-5)/(-20)*-7 - -5). What is d(z)?
6
Suppose 0 = k - 0*z - z, -15 = -5*z. Suppose 2 = 3*f - d - 1, -k*f - 3*d + 15 = 0. Let u(g) = 9 + g**f - 1 + 6*g - 9. Calculate u(-7).
6
Let s = -64 - -87. Let n = -82 - s. Let f be 1225/n + (1 - 4/3). Let u(b) = b + 8. Give u(f).
-4
Let h(x) = -15*x - 42. Let p(f) = -13*f - 28. Let q(m) = -4*h(m) + 5*p(m). Determine q(11).
-27
Let t(k) = -3*k**2 - k - 1. Suppose 5*d - 5*m + 25 = 10, -4*d = -m. Let f(g) = -g - 1. Let b(i) = d*t(i) + 4*f(i). Calculate b(-2).
-7
Let o(k) = -k**2 + 3*k - 7. Let w(d) = 17*d - 5. Let x(s) = 25*s - 6. Let f(j) = 3*w(j) - 2*x(j). Let g be f(6). Give o(g).
-7
Let w = 30 + -19. Suppose 13*t = w*t + 12. Let o(n) be the first derivative of -n**4/4 + 7*n**3/3 - 5*n**2/2 + n + 444. Calculate o(t).
7
Let h(s) = -11*s - 93. Let f be h(-9). Let k(i) = 2 - f + 0 + 3 + 5*i**2. Give k(1).
4
Let j(s) = 11*s**2 - 12*s + 28. Let k(r) = 5*r**2 - 6*r + 13. Let v = 84 + -80. Let g(w) = v*j(w) - 9*k(w). Give g(3).
4
Let o(b) = 3 + 4 - 5*b - 5. Let l be 6 + 22 + -6 + -26. Give o(l).
22
Suppose 13*i = 263 - 29. Let s(t) = t**3 - 9*t**2 + 3 - i - 11*t - 3*t**2 + 6. What is s(13)?
17
Let h(i) be the second derivative of i**4/12 - i**3/3 + 35*i. Suppose 18*w = 25*w. Suppose -16 = -2*b - w*q + 5*q, 2*q = -8. What is h(b)?
8
Let n(c) = c**2 - 21*c + 10. Suppose 290*d - 3315 = -125. What is n(d)?
-100
Let f(t) be the second derivative of 7*t**3/6 + 3*t**2 - t - 28. Calculate f(-2).
-8
Let m(d) = -d - 1. Let i(r) = r**3 - r**2 - 7*r + 21. Let c be i(3). Suppose 0 = 3*n + c. Determine m(n).
5
Let q(b) = 154*b + 78. Let d(s) = 230*s + 77. Let r(i) = -2*d(i) + 3*q(i). Give r(-26).
28
Let o(z) be the third derivative of -61*z**5/60 - z**4/24 - 28*z**2 - 12. Determine o(-1).
-60
Let u(f) = 45*f + 450. Let c be u(-10). Let w be ((-2)/(-6))/((-1)/(-9)). Let j(n) = -n**3 - n**2 - 1 + 5 - n - w. Determine j(c).
1
Let s(i) = 2*i**3 - 54*i**2 - 134*i + 109. Let g(m) = m**3 - 29*m**2 - 67*m + 59. Let f(u) = -11*g(u) + 6*s(u). Give f(11).
-6
Suppose 33*q - 30*q = 9. Suppose 4*s = -2*v + 106, q*v - 4*s = 86 + 103. Let r(x) = 29 + 6*x + 24 - v - x**2. Determine r(7).
-13
Let r(x) = -492 + 78*x - 27*x - 26*x + 493 - 48*x. Let a be (-30)/(-12) + (-1)/2. Determine r(a).
-45
Let u(j) = -j**2 - 15*j - 20. Let z be u(-14). Let c(f) = 7*f**2 - f - 4. Let y(o) = -6*o**2 + 4. Let t(m) = z*y(m) - 5*c(m). Calculate t(-6).
2
Let b = -880 - -881. Let s(u) be the third derivative of -u**4/2 - u**3/6 - 13*u**2. Determine s(b).
-13
Let j(y) = 4 + 685*y + 4 - 684*y. Suppose r + 19 = 2*u + 6, -47 = 5*r - 4*u. Calculate j(r).
1
Suppose -25*h - 323 = -28*h - 4*t, 5*t + 379 = 4*h. Suppose -h = 9*k - 47. Let o(n) = 5 - 3 + 4 - n**2 - 6*n. What is o(k)?
6
Let x(q) be the third derivative of -q**4/24 + 53*q**3/3 + 4*q**2 + 3*q - 129. Give x(25).
81
Let n(b) = b**2 + 29*b + 144. Let l be n(-23). Let z(q) = -q + 4 - 3 - l. Determine z(-7).
2
Suppose -369*b = -363*b - 36. Let w(r) = -3 + 3*r - b - 5 + 0*r + 11. What is w(-5)?
-18
Let t(i) = -i**3 - 6*i**2 - i - 8. Suppose 41*l - 35*l = 12. Suppose a = 2*r + 9, -5*r + l*a + 10 = 34. Determine t(r).
-2
Let r(l) = l + 13. Let h(z) be the second derivative of -z**4/12 - z**3/3 - 3*z**2 + 9*z + 2. Let x be h(-2). What is r(x)?
7
Let m(z) be the first derivative of z**4/12 - 2*z**3/3 - 5*z**2/2 - 12*z + 64. Let v(t) be the first derivative of m(t). Calculate v(6).
7
Suppose 3*s - 5*c = -0*s - 1, -s - 3*c - 5 = 0. Let n(r) be the third derivative of -r**5/20 - r**4/8 - r**3/3 - 14227*r**2. Determine n(s).
-8
Let c(k) = 4*k + 1. Let d(o) = -o**2 - 9*o - 2. Let z(u) = -5*c(u) - 2*d(u). Let i be -1 - 1 - (0 + 2)/2. Give z(i).
23
Suppose 29 - 5 = 4*o. Let t(z) = z**2 + 3*z - 37. Let n(s) = s**2 + 5*s - 45. Let x(j) = 5*n(j) - 6*t(j). What is x(o)?
3
Let p(h) be the second derivative of h**3/3 - 5*h**2 + 5*h - 4. Calculate p(-1).
-12
Let k be (39/13)/(2/2). Let q be 3*k/(-54)*-6. Let h be (-14)/(-4)*(-1 - (-4 + q)). Let f(y) = y**3 - 6*y**2 - 7*y + 7. What is f(h)?
7
Let b(m) = -m + 3. Let v(f) = 5 - f**3 - 2*f + 0*f**3 + 11*f**3 + f**3. Let h be v(2). Let d = h + -78. Calculate b(d).
-8
Let m(g) = -10*g - 218. Let h be m(-20). Let a(d) = -d + 38. Give a(h).
56
Let v(a) = -2*a**3 + 61*a**2 + 26*a - 83. Let g(m) = -3*m**3 + 93*m**2 + 38*m - 124. Let n(k) = -5*g(k) + 8*v(k). Calculate n(24).
-188
Let m(o) = o**2 + 4*o - 1. Suppose 33 = 3*y - 51. Let n be 15/2 + (-100)/40. Let r be (-23)/n + 1 + y/(-20). What is m(r)?
4
Let g(q) = -24*q + 244. Let m be g(10). Let i(f) = -10*f**2 + 2*f + 30 + m*f**3 + 8*f - 3*f**3 - 23. Let h be (18/(-2))/(1 - 2). What is i(h)?
16
Let m(z) = 47*z**2 - 18*z + 3. Let h(j) = -j + 4 - j - 6 + 21*j**2 + 4 - 7*j. Let q(s) = 9*h(s) - 4*m(s). Calculate q(6).
-12
Let r(j) = -32*j - 10 - 17 + 16*j + 20*j. Let z be r(7). Let u(s) = 6*s**3 + 2*s**2 - 1. Give u(z).
7
Let p(i) = i**2 + 6*i - 5. Let w(j) = -2*j**3 - 34*j**2 + 37*j - 10. Let x be w(-18). Let u be 92/(-14) - (48/x)/(-4). What is p(u)?
2
Let l(x) = x**3 - 4*x**2 - 11*x - 3. Let b be l(7). Let y = b + -65. Let w(t) = 2*t + t**2 - 4*t**2 + y*t**2. Give w(-2).
-8
Let r(o) = o**2 - o + 1. Let n be (-10)/60 + ((-11)/6 - -2). Suppose -11*x + 17 - 6 = n. Determine r(x).
1
Let j(i) = 3*i**2 + 10*i - 17. Let g be j(24). Let d(t) = -967 - 975 + g - 2*t. Calculate d(6).
-3
Let r(b) = 5 - 26586317*b**2 + 2*b**3 + 26586312*b**2 - 3*b**3. Give r(-5).
5
Let a(w) = 6*w**2 - w**2 - 632*w + 623*w + 3 - 4*w**2. Let n(y) = 2*y - 1. Let p(f) = -a(f) - 5*n(f). Let z = 0 - 0. Give p(z).
2
Let s(l) = -l**3 + l**2 - 2*l - 3. Suppose 110*j + 230 = 108*j. Let o = 113 + j. Calculate s(o).
13
Let u(z) = z**3 + 11*z**2 + 5*z - 44. Let l(t) = -t**3 - 23*t**2 - 99*t - 172. Let q be l(-18). Give u(q).
6
Let j(v) be the first derivative of v**6/120 - v**5/10 - v**4/3 - v**3/3 - v**2 + 68. Let f(n) be the second derivative of j(n). Give f(7).
-9
Let s(l) = 3*l - 3*l + 581 + 24*l**2 - 26*l**2 - 235 + 2*l - 342. Let t = -11 - -4. Let y = 4 + t. Calculate s(y).
-20
Let t(h) = h**2 + 6*h + 3. Let w be t(-5). Let j(l) be the third derivative of 0*l - 1/6*l**3 + 102*l**2 + 0 + 1/12*l**4. What is j(w)?
-5
Let i(q) = -15*q - 126. Let v(z) = 2*z + 7. Let x(h) = 2*i(h) + 18*v(h). What is x(21)?
0
Let f = 457 - 520. Let t = -65 - f. Let i(d) = -3*d - 1. Determine i(t).
5
Suppose 27*z = -23*z - 100. Let j(r) = -7*r**3 - 2*r**2 - 3*r - 5. Give j(z).
49
Suppose -5*d - 10 = 0, 4*z + 4*d - 69 = 123. Let v = -36 + z. Let b(a) = 2*a - 3*a - 2 - a + 16*a**2 - v*a**2. Give b(2).
2
Let w be (15 - 20)*(12/20)/1. Let a(k) = 6*k**2 + 2*k + 4. Give a(w).
52
Let n(r) = 3*r**3 + 3*r**2 - 1. Let i(j) = -2*j**3 - 2*j**2 + 1. Let q(o) = -5*i(o) - 3*n(o). Let w = -2773 - -2773. Determine q(w).
-2
Let l(u) be the second derivative of u**3/6 + 7*u**2 - 1213*u. Let j = -13 + 5. Determine l(j).
6
Let q(t) = -5*t + 38. Let x = 1594 - 1586. Calculate q(x).
-2
Let a be 1 + (-4 - 2 - (-2)/4)*2. Let w(r) be the second derivative of r**3/3 + 12*r**2 + 2*r. Give w(a).
4
Let o = 24 - 24. Suppose x + 7 = 3*x + m, o = -x + 3*m. Let a be x/(-4)*272/(-51). Let d(w) = 7*w - 2. Calculate d(a).
26
Let b(m) be the first derivative of m**3/3 - 17*m**2/2 + 37*m - 1182. Calculate b(16).
21
Let m(p) be the first derivative of p**4/4 - 6*p**3 + 2*p**2 - 72*p + 1206. Determine m(18).
0
Suppose -4*c + 11 = -5*c - 3*v, -5*v - 21 = c. Let l be -6